ctors of 52251341?
277, 188633
List the prime factors of 46513479.
3, 17, 149, 6121
List the prime factors of 692134996.
2, 7, 29, 263, 463
What are the prime factors of 111623562?
2, 3, 883, 2341
List the prime factors of 54618821.
54618821
List the prime factors of 2431154972.
2, 17, 89, 401711
List the prime factors of 22246097.
2689, 8273
List the prime factors of 42360195.
3, 5, 79, 35747
What are the prime factors of 353519617?
11, 599, 53653
What are the prime factors of 78178695?
3, 5, 7, 744559
List the prime factors of 72194376.
2, 3, 17, 19, 67, 139
List the prime factors of 93901337.
93901337
List the prime factors of 87947609.
87947609
List the prime factors of 273232761.
3, 47, 317, 6113
What are the prime factors of 43641003?
3, 7, 241, 8623
List the prime factors of 35476832.
2, 73, 15187
What are the prime factors of 222708158?
2, 19, 421, 13921
What are the prime factors of 100990313?
419, 241027
What are the prime factors of 3593932370?
2, 5, 7, 83, 618577
List the prime factors of 191811900.
2, 3, 5, 7, 241, 379
What are the prime factors of 137314234?
2, 853, 80489
List the prime factors of 526727411.
7, 151, 257, 277
List the prime factors of 562553738.
2, 4483, 62743
List the prime factors of 8888081.
563, 15787
List the prime factors of 4463761621.
11, 17, 23870383
What are the prime factors of 1006393918?
2, 2111, 238369
What are the prime factors of 68097920?
2, 5, 11, 17, 569
What are the prime factors of 104444455?
5, 59, 487, 727
What are the prime factors of 290720468?
2, 17, 4275301
List the prime factors of 583023992.
2, 72877999
List the prime factors of 2649107262.
2, 3, 19, 839, 27697
List the prime factors of 1449680621.
31, 1103, 42397
What are the prime factors of 5626595785?
5, 26183, 42979
List the prime factors of 1248449469.
3, 416149823
List the prime factors of 6559860.
2, 3, 5, 109331
List the prime factors of 1060990526.
2, 530495263
List the prime factors of 90868180.
2, 5, 13, 349493
What are the prime factors of 2631168607?
2631168607
What are the prime factors of 232146265?
5, 13, 89, 40129
List the prime factors of 1055142214.
2, 7, 211, 547, 653
List the prime factors of 17560424.
2, 7, 44797
What are the prime factors of 1059004089?
3, 11, 13, 101, 8147
List the prime factors of 242996422.
2, 41, 2963371
List the prime factors of 2120301723.
3, 571, 641, 1931
What are the prime factors of 3844662086?
2, 41, 401, 116923
List the prime factors of 4155551250.
2, 3, 5, 1108147
What are the prime factors of 28165559?
43, 655013
What are the prime factors of 126547016?
2, 809, 19553
What are the prime factors of 27042835?
5, 17, 71, 4481
What are the prime factors of 739286479?
739286479
List the prime factors of 458075272.
2, 57259409
List the prime factors of 30682956.
2, 3, 2556913
List the prime factors of 135241047.
3, 15026783
List the prime factors of 108989451.
3, 107, 113177
What are the prime factors of 54317151?
3, 7, 862177
List the prime factors of 361896125.
5, 2895169
List the prime factors of 70247647.
227, 309461
List the prime factors of 369782614.
2, 101, 223, 8209
What are the prime factors of 766927873?
766927873
What are the prime factors of 273403884?
2, 3, 13, 179, 9791
What are the prime factors of 51340586?
2, 11, 2333663
List the prime factors of 31252369.
337, 92737
List the prime factors of 66575922.
2, 3, 7, 227, 6983
What are the prime factors of 68988015?
3, 5, 431, 3557
What are the prime factors of 853405804?
2, 213351451
What are the prime factors of 80217025?
5, 7, 367, 1249
What are the prime factors of 407734114?
2, 71, 2871367
What are the prime factors of 1258320285?
3, 5, 9320891
What are the prime factors of 5102402531?
5102402531
What are the prime factors of 126874379?
449, 282571
List the prime factors of 831276927.
3, 13, 41, 173291
List the prime factors of 698761320.
2, 3, 5, 79, 73709
What are the prime factors of 8012062?
2, 29, 138139
What are the prime factors of 6265459?
19, 329761
List the prime factors of 577742917.
577742917
What are the prime factors of 2263807066?
2, 31981, 35393
List the prime factors of 19830744.
2, 3, 101
List the prime factors of 105584014.
2, 37, 1426811
What are the prime factors of 108774269?
173, 628753
List the prime factors of 68171690.
2, 5, 571, 11939
What are the prime factors of 543799995?
3, 5, 17, 73, 131, 223
List the prime factors of 387227671.
11633, 33287
What are the prime factors of 109886176?
2, 3433943
What are the prime factors of 3123693781?
13, 17, 831433
List the prime factors of 1289606107.
31, 5701, 7297
List the prime factors of 1118883982.
2, 559441991
List the prime factors of 391660876.
2, 89, 1100171
List the prime factors of 1478137.
659, 2243
List the prime factors of 908905613.
7, 11, 11803969
What are the prime factors of 25633586?
2, 11, 17, 68539
List the prime factors of 17476792.
2, 29, 71, 1061
List the prime factors of 193219887.
3, 7, 821, 1601
List the prime factors of 228321384.
2, 3, 349, 27259
List the prime factors of 535843915.
5, 107168783
What are the prime factors of 129563940?
2, 3, 5, 11, 109, 1801
List the prime factors of 808697102.
2, 67, 101, 59753
List the prime factors of 726646149.
3, 233, 373, 929
What are the prime factors of 990065700?
2, 3, 5, 13, 67, 421
What are the prime factors of 225861214?
2, 137, 239, 3449
What are the prime factors of 718380590?
2, 5, 73, 984083
List the prime factors of 85716990.
2, 3, 5, 229, 4159
What are the prime factors of 6457917951?
3, 37, 199, 97453
List the prime factors of 2153052501.
3, 383, 1873849
List the prime factors of 44007490.
2, 5, 43, 53, 1931
What are the prime factors of 93675954?
2, 3, 743, 21013
What are the prime factors of 779296134?
2, 3, 19, 6835931
What are the prime factors of 200740518?
2, 3, 11, 127, 887
What are the prime factors of 101557184?
2, 17, 269, 347
What are the prime factors of 1020150533?
23, 43, 59, 17483
What are the prime factors of 240373656?
2, 3, 53, 2333
List the prime factors of 226037088.
2, 3, 431, 607
List the prime factors of 46064875.
5, 401, 919
What are the prime factors of 487538271?
3, 11, 19, 31, 929
What are the prime factors of 4033020456?
2, 3, 76837
List the prime factors of 274062609.
3, 137, 24697
What are the prime factors of 5894387643?
3, 20147, 97523
List the prime factors of 20936697.
3, 509, 13711
List the prime factors of 79517095.
5, 7, 23, 98779
What are the prime factors of 1018939341?
3, 7, 31, 1565191
List the prime factors of 28787005.
5, 13, 227, 1951
List the prime factors of 602153204.
2, 61, 631, 3911
List the prime factors of 56039654.
2, 11, 2547257
List the prime factors of 6674028091.
83, 80409977
List the prime factors of 102369410.
2, 5, 11, 13, 17, 4211
List the prime factors of 61597880.
2, 5, 79, 101, 193
List the prime factors of 145485828.
2, 3, 1347091
What are the prime factors of 14995558?
2, 59, 127081
List the prime factors of 586770086.
2, 7, 463, 90523
What are the prime factors of 1166941085?
5, 233388217
List the prime factors of 193471515.
3, 5, 23, 107, 1747
What are the prime factors of 195660650?
2, 5, 17, 230189
List the prime factors of 9449916.
2, 3, 7, 19, 31, 191
What are the prime factors of 181515083?
43, 4221281
What are the prime factors of 79757082?
2, 3, 1476983
List the prime factors of 28825234.
2, 17, 499, 1699
What are the prime factors of 161989075?
5, 149, 43487
List the prime factors of 277274112.
2, 3, 97, 1861
List the prime factors of 130636898.
2, 7, 137, 68111
List the prime factors of 183178901.
4289, 42709
What are the prime factors of 882841123?
882841123
List the prime factors of 273661485.
3, 5, 353, 51683
List the prime factors of 187120958.
2, 107, 874397
List the prime factors of 161826659.
6151, 26309
List the prime factors of 3679045234.
2, 23593, 77969
What are the prime factors of 34108225?
5, 1364329
List the prime factors of 1151105545.
5, 41, 5615149
What are the prime factors of 11808649?
71, 166319
What are the prime factors of 275837376?
2, 3, 17, 84509
List the prime factors of 544725218.
2, 272362609
List the prime factors of 18648853.
313, 59581
List the prime factors of 381425347.
381425347
What are the prime factors of 1903393687?
13, 67, 2185297
What are the prime factors